{"id":76,"date":"2015-01-09T09:25:42","date_gmt":"2015-01-09T09:25:42","guid":{"rendered":"http:\/\/sv-lengede.de\/maenner\/?page_id=76"},"modified":"2026-01-04T06:25:43","modified_gmt":"2026-01-04T06:25:43","slug":"home","status":"publish","type":"page","link":"http:\/\/maennerfastnacht-lengede.de\/","title":{"rendered":"Home"},"content":{"rendered":"<p class=\"has-background has-medium-font-size has-light-orange-background-color\" style=\"text-align: center;\"><strong>Einladung \u2013 Mann g\u00f6nnt sich ja sonst nichts<\/strong><\/p>\n<p style=\"text-align: center;\">Liebe Freunde der Lengeder M\u00e4nnerfastnacht,<\/p>\n<p style=\"text-align: center;\">Die diesj\u00e4hrige M\u00e4nnerfastnacht beginnt am<\/p>\n<p style=\"text-align: center;\"><strong>Samstag, 14. Februar 2026, um 17.00 Uhr<\/strong><\/p>\n<p style=\"text-align: center;\"><strong>im B\u00fcrgerhaus, Woltwiescher Weg 1.<\/strong><\/p>\n<p style=\"text-align: center;\">Hierzu laden wir euch ganz herzlich ein!<\/p>\n<p style=\"text-align: center;\">Mit einem Lengisch Helau<\/p>\n<p style=\"text-align: center;\">Euer Elferrat<\/p>\n<p style=\"text-align: center;\"><a href=\"http:\/\/maennerfastnacht-lengede.de\/wp-content\/uploads\/2026\/01\/MF_2026_Plakat_Stand_04102025.pdf\" target=\"_blank\" rel=\"noopener\"><img loading=\"lazy\" decoding=\"async\" class=\"aligncenter wp-image-654 size-medium\" src=\"http:\/\/maennerfastnacht-lengede.de\/wp-content\/uploads\/2026\/01\/mf_2026_fp-plakat-1-e1767507754410-222x300.jpg\" alt=\"\" width=\"222\" height=\"300\" srcset=\"http:\/\/maennerfastnacht-lengede.de\/wp-content\/uploads\/2026\/01\/mf_2026_fp-plakat-1-e1767507754410-222x300.jpg 222w, http:\/\/maennerfastnacht-lengede.de\/wp-content\/uploads\/2026\/01\/mf_2026_fp-plakat-1-e1767507754410-759x1024.jpg 759w, http:\/\/maennerfastnacht-lengede.de\/wp-content\/uploads\/2026\/01\/mf_2026_fp-plakat-1-e1767507754410-741x1000.jpg 741w, http:\/\/maennerfastnacht-lengede.de\/wp-content\/uploads\/2026\/01\/mf_2026_fp-plakat-1-e1767507754410-768x1037.jpg 768w, http:\/\/maennerfastnacht-lengede.de\/wp-content\/uploads\/2026\/01\/mf_2026_fp-plakat-1-e1767507754410.jpg 1080w\" sizes=\"auto, (max-width: 222px) 100vw, 222px\" \/><\/a><\/p>\n<p><a href=\"http:\/\/maennerfastnacht-lengede.de\/wp-content\/uploads\/2026\/01\/MF_2026_Flyer_Stand_02012026.pdf\" target=\"_blank\" rel=\"noopener\"><img loading=\"lazy\" decoding=\"async\" class=\"aligncenter size-medium wp-image-646\" src=\"http:\/\/maennerfastnacht-lengede.de\/wp-content\/uploads\/2026\/01\/mf_2026_fp-plakat-207x300.jpg\" alt=\"\" width=\"207\" height=\"300\" srcset=\"http:\/\/maennerfastnacht-lengede.de\/wp-content\/uploads\/2026\/01\/mf_2026_fp-plakat-207x300.jpg 207w, http:\/\/maennerfastnacht-lengede.de\/wp-content\/uploads\/2026\/01\/mf_2026_fp-plakat-707x1024.jpg 707w, http:\/\/maennerfastnacht-lengede.de\/wp-content\/uploads\/2026\/01\/mf_2026_fp-plakat-690x1000.jpg 690w, http:\/\/maennerfastnacht-lengede.de\/wp-content\/uploads\/2026\/01\/mf_2026_fp-plakat-768x1113.jpg 768w, http:\/\/maennerfastnacht-lengede.de\/wp-content\/uploads\/2026\/01\/mf_2026_fp-plakat-1060x1536.jpg 1060w, http:\/\/maennerfastnacht-lengede.de\/wp-content\/uploads\/2026\/01\/mf_2026_fp-plakat.jpg 1080w\" sizes=\"auto, (max-width: 207px) 100vw, 207px\" \/><\/a><\/p>\n<p style=\"text-align: center;\"><img loading=\"lazy\" decoding=\"async\" class=\"wp-image-78 aligncenter\" src=\"http:\/\/maennerfastnacht-lengede.de\/wp-content\/uploads\/2015\/01\/mfl-logo.jpg\" sizes=\"auto, (max-width: 470px) 100vw, 470px\" srcset=\"http:\/\/maennerfastnacht-lengede.de\/wp-content\/uploads\/2015\/01\/mfl-logo.jpg 470w, http:\/\/maennerfastnacht-lengede.de\/wp-content\/uploads\/2015\/01\/mfl-logo-224x300.jpg 224w\" alt=\"Logo der M\u00e4nnerfastnacht Lengede\" width=\"193\" height=\"259\" \/><\/p>\n<p style=\"text-align: center;\">Lengeder M\u00e4nnerfastnacht seit 1902<\/p>\n","protected":false},"excerpt":{"rendered":"<p>Einladung \u2013 Mann g\u00f6nnt sich ja sonst nichts Liebe Freunde der Lengeder M\u00e4nnerfastnacht, Die diesj\u00e4hrige M\u00e4nnerfastnacht beginnt am Samstag, 14. Februar 2026, um 17.00 Uhr im B\u00fcrgerhaus, Woltwiescher Weg 1. Hierzu laden wir euch ganz herzlich ein! Mit einem Lengisch Helau Euer Elferrat Lengeder M\u00e4nnerfastnacht seit 1902<\/p>\n","protected":false},"author":1,"featured_media":0,"parent":0,"menu_order":0,"comment_status":"closed","ping_status":"closed","template":"","meta":{"footnotes":""},"class_list":["post-76","page","type-page","status-publish","hentry"],"_links":{"self":[{"href":"http:\/\/maennerfastnacht-lengede.de\/index.php?rest_route=\/wp\/v2\/pages\/76","targetHints":{"allow":["GET"]}}],"collection":[{"href":"http:\/\/maennerfastnacht-lengede.de\/index.php?rest_route=\/wp\/v2\/pages"}],"about":[{"href":"http:\/\/maennerfastnacht-lengede.de\/index.php?rest_route=\/wp\/v2\/types\/page"}],"author":[{"embeddable":true,"href":"http:\/\/maennerfastnacht-lengede.de\/index.php?rest_route=\/wp\/v2\/users\/1"}],"replies":[{"embeddable":true,"href":"http:\/\/maennerfastnacht-lengede.de\/index.php?rest_route=%2Fwp%2Fv2%2Fcomments&post=76"}],"version-history":[{"count":39,"href":"http:\/\/maennerfastnacht-lengede.de\/index.php?rest_route=\/wp\/v2\/pages\/76\/revisions"}],"predecessor-version":[{"id":657,"href":"http:\/\/maennerfastnacht-lengede.de\/index.php?rest_route=\/wp\/v2\/pages\/76\/revisions\/657"}],"wp:attachment":[{"href":"http:\/\/maennerfastnacht-lengede.de\/index.php?rest_route=%2Fwp%2Fv2%2Fmedia&parent=76"}],"curies":[{"name":"wp","href":"https:\/\/api.w.org\/{rel}","templated":true}]}}