{"id":138,"date":"2015-10-26T21:13:40","date_gmt":"2015-10-26T21:13:40","guid":{"rendered":"http:\/\/sv-lengede.de\/maenner\/?page_id=138"},"modified":"2020-10-14T16:40:31","modified_gmt":"2020-10-14T16:40:31","slug":"2016-2","status":"publish","type":"page","link":"http:\/\/maennerfastnacht-lengede.de\/?page_id=138","title":{"rendered":"2016"},"content":{"rendered":"<p style=\"text-align: center;\"><a href=\"http:\/\/maennerfastnacht-lengede.de\/?p=227\">Gl\u00fcck Auf Lengede am 28.10.2016: Helm statt Kappe<\/a><\/p>\n<p style=\"text-align: center;\"><a href=\"http:\/\/maennerfastnacht-lengede.de\/?p=217\">91 Bilder der M\u00e4nnerfastnacht 2016<\/a><\/p>\n<p style=\"text-align: center;\"><a href=\"http:\/\/maennerfastnacht-lengede.de\/?p=189\">Gl\u00fcck Auf Lengede berichtet am 28.02.2016 \u00fcber pr\u00e4chtige Stimmung<\/a><\/p>\n<p style=\"text-align: center;\"><a href=\"http:\/\/maennerfastnacht-lengede.de\/?p=187\">Die Peiner Nachrichten berichten am 08.02.2016 \u00fcber die Lengeder Luft<\/a><\/p>\n<p style=\"text-align: center;\"><a href=\"http:\/\/maennerfastnacht-lengede.de\/?p=181\">Gl\u00fcck Auf Lengede k\u00fcndigt am 29.01.2016 an: Ohne Klops geht es nicht&#8230;<\/a><\/p>\n<p style=\"text-align: center;\"><a href=\"http:\/\/maennerfastnacht-lengede.de\/?p=177\">Die Peiner Nachrichten berichten am 29.01.2016 \u00fcber Brasilien, Holland und Lengede<\/a><\/p>\n<p style=\"text-align: center;\"><a href=\"http:\/\/maennerfastnacht-lengede.de\/?p=165\">Hallo SZ stimmt am 16.01.2016 ein auf die anstehende M\u00e4nnerfastnacht<\/a><\/p>\n<p style=\"text-align: center;\"><a href=\"http:\/\/maennerfastnacht-lengede.de\/?p=159\">Rund um den Seilbahnberg berichtet am 25.11.2015 \u00fcber Einladungen<\/a><\/p>\n<p style=\"text-align: center;\"><a href=\"http:\/\/maennerfastnacht-lengede.de\/?p=150\">Hallo SZ berichtet am 07.11.2015 \u00fcber die Pr\u00fcfung der B\u00fchne<\/a><\/p>\n<p style=\"text-align: center;\"><a href=\"http:\/\/maennerfastnacht-lengede.de\/?p=141\"><u><span style=\"color: #0066cc;\">Gl\u00fcck Auf Lengede berichtet am 23.10.2015 \u00fcber erste Vorbereitungen des Elferrats<\/span><\/u><\/a><\/p>\n<p style=\"text-align: center;\">********** &nbsp; ********** &nbsp;&nbsp;********** &nbsp;&nbsp;********** &nbsp; ********** &nbsp;&nbsp;**********<\/p>\n<p style=\"text-align: center;\"><strong>Hiermit laden wir herzlich ein zur<\/strong><\/p>\n<h5 style=\"text-align: center;\"><span style=\"color: #ff6600;\"><strong>Lengeder M\u00e4nnerfastnacht&nbsp;2016<\/strong><\/span><\/h5>\n<p style=\"text-align: center;\">am <strong>Sonnabend, 06. Februar,<\/strong><br \/>\nauf dem Saal der Gastwirtschaft Staats.<br \/>\nDer Eintritt ist frei \u2013 eine Umlage wird erhoben<\/p>\n<p style=\"text-align: center;\">Die Veranstaltung beginnt um 17:00 Uhr.<br \/>\nDie \u201eRitter der Gem\u00fctlichkeit\u201c k\u00f6nnen bereits um 16:30 Uhr<br \/>\nauf den Saal kommen, die weiteren Fastnachtsfreunde um 16:40 Uhr.<\/p>\n<p style=\"text-align: center;\">Alle Lengeder M\u00e4nner k\u00f6nnen sich auf ein abwechslungsreiches Programm freuen.<\/p>\n<p style=\"text-align: center;\">Mann g\u00f6nnt sich ja sonst nichts!<\/p>\n<p style=\"text-align: center;\">Euer Elferrat<\/p>\n","protected":false},"excerpt":{"rendered":"<p>Gl\u00fcck Auf Lengede am 28.10.2016: Helm statt Kappe 91 Bilder der M\u00e4nnerfastnacht 2016 Gl\u00fcck Auf Lengede berichtet am 28.02.2016 \u00fcber pr\u00e4chtige Stimmung Die Peiner Nachrichten berichten am 08.02.2016 \u00fcber die Lengeder Luft Gl\u00fcck Auf Lengede k\u00fcndigt am 29.01.2016 an: Ohne Klops geht es nicht&#8230; Die Peiner Nachrichten berichten am 29.01.2016 \u00fcber Brasilien, Holland und Lengede &hellip; <a href=\"http:\/\/maennerfastnacht-lengede.de\/?page_id=138\" class=\"more-link\"><span class=\"screen-reader-text\">2016<\/span> weiterlesen <span class=\"meta-nav\">&rarr;<\/span><\/a><\/p>\n","protected":false},"author":1,"featured_media":0,"parent":0,"menu_order":0,"comment_status":"closed","ping_status":"closed","template":"","meta":{"footnotes":""},"class_list":["post-138","page","type-page","status-publish","hentry"],"_links":{"self":[{"href":"http:\/\/maennerfastnacht-lengede.de\/index.php?rest_route=\/wp\/v2\/pages\/138","targetHints":{"allow":["GET"]}}],"collection":[{"href":"http:\/\/maennerfastnacht-lengede.de\/index.php?rest_route=\/wp\/v2\/pages"}],"about":[{"href":"http:\/\/maennerfastnacht-lengede.de\/index.php?rest_route=\/wp\/v2\/types\/page"}],"author":[{"embeddable":true,"href":"http:\/\/maennerfastnacht-lengede.de\/index.php?rest_route=\/wp\/v2\/users\/1"}],"replies":[{"embeddable":true,"href":"http:\/\/maennerfastnacht-lengede.de\/index.php?rest_route=%2Fwp%2Fv2%2Fcomments&post=138"}],"version-history":[{"count":20,"href":"http:\/\/maennerfastnacht-lengede.de\/index.php?rest_route=\/wp\/v2\/pages\/138\/revisions"}],"predecessor-version":[{"id":413,"href":"http:\/\/maennerfastnacht-lengede.de\/index.php?rest_route=\/wp\/v2\/pages\/138\/revisions\/413"}],"wp:attachment":[{"href":"http:\/\/maennerfastnacht-lengede.de\/index.php?rest_route=%2Fwp%2Fv2%2Fmedia&parent=138"}],"curies":[{"name":"wp","href":"https:\/\/api.w.org\/{rel}","templated":true}]}}